hat are the prime factors of 2905?
5, 7, 83
What are the prime factors of 529?
23
What are the prime factors of 17592?
2, 3, 733
List the prime factors of 62546.
2, 11, 2843
What are the prime factors of 541?
541
List the prime factors of 24180.
2, 3, 5, 13, 31
List the prime factors of 1530.
2, 3, 5, 17
List the prime factors of 18070.
2, 5, 13, 139
What are the prime factors of 668?
2, 167
List the prime factors of 1485.
3, 5, 11
What are the prime factors of 1122?
2, 3, 11, 17
What are the prime factors of 7934?
2, 3967
List the prime factors of 8681.
8681
What are the prime factors of 17135?
5, 23, 149
What are the prime factors of 963?
3, 107
What are the prime factors of 26000?
2, 5, 13
List the prime factors of 16537.
23, 719
What are the prime factors of 5569?
5569
List the prime factors of 46.
2, 23
What are the prime factors of 1396?
2, 349
List the prime factors of 1865.
5, 373
List the prime factors of 15125.
5, 11
What are the prime factors of 1667?
1667
What are the prime factors of 2333?
2333
List the prime factors of 25416.
2, 3, 353
List the prime factors of 77.
7, 11
What are the prime factors of 3124?
2, 11, 71
What are the prime factors of 106153?
19, 37, 151
List the prime factors of 6027.
3, 7, 41
List the prime factors of 293.
293
What are the prime factors of 8246?
2, 7, 19, 31
List the prime factors of 1271.
31, 41
List the prime factors of 66136.
2, 7, 1181
List the prime factors of 504.
2, 3, 7
What are the prime factors of 6892?
2, 1723
What are the prime factors of 3654?
2, 3, 7, 29
What are the prime factors of 11214?
2, 3, 7, 89
What are the prime factors of 898?
2, 449
List the prime factors of 4423.
4423
List the prime factors of 13384.
2, 7, 239
List the prime factors of 17650.
2, 5, 353
What are the prime factors of 1865?
5, 373
What are the prime factors of 1254?
2, 3, 11, 19
What are the prime factors of 1379?
7, 197
What are the prime factors of 84540?
2, 3, 5, 1409
What are the prime factors of 1015?
5, 7, 29
What are the prime factors of 3511?
3511
List the prime factors of 2444.
2, 13, 47
What are the prime factors of 3949?
11, 359
What are the prime factors of 15256?
2, 1907
What are the prime factors of 11207?
7, 1601
List the prime factors of 1429.
1429
List the prime factors of 1697.
1697
What are the prime factors of 1801?
1801
List the prime factors of 1450.
2, 5, 29
List the prime factors of 10935.
3, 5
What are the prime factors of 14558?
2, 29, 251
What are the prime factors of 10742?
2, 41, 131
What are the prime factors of 8595?
3, 5, 191
What are the prime factors of 18972?
2, 3, 17, 31
List the prime factors of 2788.
2, 17, 41
What are the prime factors of 717?
3, 239
What are the prime factors of 4547?
4547
List the prime factors of 88964.
2, 23, 967
What are the prime factors of 499?
499
What are the prime factors of 22674?
2, 3, 3779
List the prime factors of 2270.
2, 5, 227
List the prime factors of 2765.
5, 7, 79
List the prime factors of 2639.
7, 13, 29
List the prime factors of 5334.
2, 3, 7, 127
List the prime factors of 12955.
5, 2591
List the prime factors of 11659.
89, 131
What are the prime factors of 1256?
2, 157
List the prime factors of 567.
3, 7
List the prime factors of 17759.
7, 43, 59
What are the prime factors of 150661?
7, 21523
What are the prime factors of 41644?
2, 29, 359
What are the prime factors of 2079?
3, 7, 11
List the prime factors of 470.
2, 5, 47
List the prime factors of 9036.
2, 3, 251
What are the prime factors of 21489?
3, 13, 19, 29
List the prime factors of 1141.
7, 163
List the prime factors of 8074.
2, 11, 367
What are the prime factors of 1444?
2, 19
List the prime factors of 3316.
2, 829
What are the prime factors of 1951?
1951
List the prime factors of 8749.
13, 673
List the prime factors of 853.
853
List the prime factors of 1423.
1423
List the prime factors of 274.
2, 137
List the prime factors of 18129.
3, 6043
What are the prime factors of 9142?
2, 7, 653
List the prime factors of 435.
3, 5, 29
What are the prime factors of 6341?
17, 373
What are the prime factors of 1809?
3, 67
List the prime factors of 976.
2, 61
What are the prime factors of 6258?
2, 3, 7, 149
What are the prime factors of 2438?
2, 23, 53
List the prime factors of 6770.
2, 5, 677
List the prime factors of 10489.
17, 617
List the prime factors of 1230.
2, 3, 5, 41
What are the prime factors of 1170?
2, 3, 5, 13
List the prime factors of 43363.
103, 421
What are the prime factors of 64370?
2, 5, 41, 157
List the prime factors of 59375.
5, 19
List the prime factors of 4472.
2, 13, 43
List the prime factors of 77190.
2, 3, 5, 31, 83
List the prime factors of 48.
2, 3
What are the prime factors of 34638?
2, 3, 23, 251
List the prime factors of 1869.
3, 7, 89
List the prime factors of 2215.
5, 443
What are the prime factors of 58020?
2, 3, 5, 967
What are the prime factors of 2396?
2, 599
What are the prime factors of 4731?
3, 19, 83
List the prime factors of 22624.
2, 7, 101
What are the prime factors of 54545?
5, 10909
List the prime factors of 11707.
23, 509
List the prime factors of 15.
3, 5
List the prime factors of 3758.
2, 1879
What are the prime factors of 5503?
5503
What are the prime factors of 5043?
3, 41
List the prime factors of 22937.
22937
What are the prime factors of 218?
2, 109
List the prime factors of 67313.
83, 811
List the prime factors of 19667.
71, 277
List the prime factors of 11827.
11827
List the prime factors of 291.
3, 97
What are the prime factors of 4346?
2, 41, 53
What are the prime factors of 3486?
2, 3, 7, 83
What are the prime factors of 150417?
3, 619
List the prime factors of 66414.
2, 3, 11069
What are the prime factors of 17218?
2, 8609
What are the prime factors of 18?
2, 3
What are the prime factors of 6088?
2, 761
What are the prime factors of 39318?
2, 3, 6553
List the prime factors of 512.
2
What are the prime factors of 9922?
2, 11, 41
List the prime factors of 908.
2, 227
List the prime factors of 22145.
5, 43, 103
List the prime factors of 11972.
2, 41, 73
What are the prime factors of 3499?
3499
List the prime factors of 93129.
3, 37, 839
What are the prime factors of 1766?
2, 883
What are the prime factors of 1264?
2, 79
List the prime factors of 3088.
2, 193
List the prime factors of 40395.
3, 5, 2693
List the prime factors of 12710.
2, 5, 31, 41
List the prime factors of 174151.
349, 499
What are the prime factors of 18263?
7, 2609
What are the prime factors of 565?
5, 113
List the prime factors of 25327.
19, 31, 43
What are the prime factors of 8263?
8263
List the prime factors of 131.
131
What are the prime factors of 120893?
53, 2281
List the prime factors of 112.
2, 7
List the prime factors of 913.
11, 83
List the prime factors of 2388.
2, 3, 199
List the prime factors of 1248.
2, 3, 13
List the prime factors of 3769.
3769
List the prime factors of 11669.
7, 1667
What are the prime factors of 13499?
13499
What are the prime factors of 32123?
7, 13, 353
List the prime factors of 6435.
3, 5, 11, 13
List the prime factors of 5206.
2, 19, 137
List the prime factors of 30182.
2, 15091
List the prime factors of 41083.
7, 5869
List the prime factors of 1553.
1553
List the prime factors of 360.
2, 3, 5
What are the prime factors of 441?
3, 7
What are the prime factors of 22633?
13, 1741
What are the prime factors of 111?
3, 37
What are the prime factors of 6391?
7, 11, 83
List the prime factors of 23743.
23743
What are the prime factors of 5408?
2, 13
What are the prime factors of 32721?
3, 13, 839
List the prime factors of 2558.
2, 1279
What are the prime factors of 1683?
3, 11, 17
What are the prime factors of 144508?
2, 7, 13, 397
What are the prime factors of 4477?
11, 37
List the prime factors of 5874.
2, 3, 11, 89
List the prime factors of 157087.
7, 22441
List the prime factors of 21065.
5, 11, 383
List the prime factors of 653.
653
What are the prime factors of 857?
857
What are the prime factors of 295?
5, 59
What are the prime factors of 5628?
2, 3, 7, 67
What are the prime factors of 866?
2, 433
List the prime factors of 12522.
2, 3, 2087
List the prime factors of 8652.
2, 3, 7, 103
What are the prime factors of 21514?
2, 31, 347
What are the prime factors of 428?
2, 107
What are the prime factors of 541?
541
List th